se 0 = -3*g + 3*t - 8*t - 4, g - 5*t = 12. Suppose -b + 5*b + a = 5*h, 0 = 4*h - g*b - 3130. Is h prime?
False
Is (2 - -23465) + 20/40*-16 a prime number?
True
Suppose -3*l - 228446 = -2*h, 13*h - 456892 = 9*h + l. Is h composite?
True
Let n(j) = -j**2 - 5*j + 6. Let z be n(-6). Suppose -5*r = o + 2409 - 13863, -o + 2*r + 11461 = z. Is o a composite number?
True
Suppose 33814 = 4*h - n, 2*n + 2762 = -4*h + 36582. Suppose -b + 7*b - h = 0. Is b composite?
False
Let d = 371006 - 257135. Is d composite?
True
Let d(u) = 144*u**2 - 61*u + 22. Is d(5) a prime number?
False
Suppose 2*a - 2*g - 107 = 5*a, -5*g - 152 = 4*a. Let h = a + 32. Let r(n) = -941*n**3. Is r(h) a prime number?
True
Let y be (0 + 8 + -7)/(1/2). Suppose -993 = -5*b + 4*l, -5*l = -3*b + y*b + 186. Is b a prime number?
False
Let y(v) = v**2 + 6*v + 5. Let d be y(-4). Let r be (d/6)/(3/(-24)) - -1. Is (-154)/(5/(r/(-2))) composite?
True
Suppose -18*z - 1584317 = -3659165 - 4065582. Is z a composite number?
True
Suppose 0*g + 3*g = 3651. Let n be (8/(-10))/2*(-7385)/(-422). Is g/(-3)*(4 + n) a composite number?
False
Let g(o) = 36*o + 48. Let s be g(-1). Suppose -s*c = -36787 + 3211. Is c a prime number?
False
Suppose -116803 = -7*c + 157751. Suppose 171*d - c = 165*d. Is d a composite number?
True
Suppose -29*k = -y - 27*k + 45159, -y + 45164 = 3*k. Is y a prime number?
True
Suppose 0 = 25*f - 15*f + 940. Let u = f - -1431. Is u prime?
False
Suppose -12*t - 1170 = -3*t. Let n be 2/(-13) + (-410)/t - 2. Is 1*(-1 + 0) - n - -649 a prime number?
True
Suppose 168 = 4*f + 4*b - 2*b, 3*b + 12 = 0. Let g = f + -39. Suppose g*d = t + 120 + 549, 273 = 2*d + 5*t. Is d composite?
True
Suppose 4*r = 2*y + 6966, -4*r + 4999 + 1968 = -y. Let h = -3031 + r. Let j = 2728 + h. Is j prime?
True
Let g = 5728 - 3409. Let o = -1530 + g. Is o prime?
False
Let u(r) = r + 17. Let w be u(-4). Suppose -w*o + 9*o + 5912 = 0. Let g = -811 + o. Is g composite?
True
Let x be 1/(25/8290) + 3/(-5). Let n(r) = -2*r**3 + 3*r**2 + 6. Let i be n(-5). Suppose -4*k - f = -5*k + i, -k = 4*f - x. Is k a prime number?
True
Let f(d) = 7*d + 108. Let a be f(-15). Is (-56946)/24*((-8 - -1) + a) prime?
True
Suppose -42*r + 56385679 - 14330425 = -44043612. Is r composite?
False
Let l be ((-3)/(-30))/((-8)/80). Let a(n) = -373*n + 1. Let i(o) = 93*o. Let r(w) = -2*a(w) - 9*i(w). Is r(l) composite?
False
Suppose 4*i - 48*i + 95804104 = 44*i. Is i a prime number?
False
Let o(p) = 209*p**2 - 5*p + 10. Suppose 8 = 3*j - 1. Let b be o(j). Suppose 2*u - b = -510. Is u a composite number?
False
Suppose 16*q - 18*q = 162. Is (-10 + q/(-9))/(2/(-5398)) prime?
True
Let y be 1/(-3 - (-156)/51). Suppose 6*v - 1 - y = 0. Suppose -v*a - 5*p = a - 3165, 5*a = -4*p + 3945. Is a prime?
False
Suppose m + 63568 = -2*o - 0*m, o = -2*m - 31784. Let x = 53043 + o. Is x prime?
False
Let r be (1893/(-6))/(3/(-42)). Let p = 47 + -41. Suppose -p*t + r = t. Is t composite?
False
Let w(u) = -1052342*u + 1367. Is w(-1) a composite number?
True
Let k = 139423 - 58206. Is k prime?
False
Suppose 12*m = 10*m + 5*s + 45666, 4*m + 2*s - 91428 = 0. Is m composite?
False
Let c = -209 - -209. Suppose c = 5*l - 74863 + 25568. Is l prime?
True
Let d(t) = 2*t**3 - 12*t**2 + 49*t - 31. Let q = 463 + -443. Is d(q) composite?
False
Suppose -3*n + 18*n - 90 = 0. Let o be -6*(-2)/10*20/n. Suppose 0*y + 3532 = o*y. Is y a prime number?
True
Suppose -793595 = -5*d - 4*g - g, -2*g + 158725 = d. Is d composite?
True
Let u = 1780 - 3082. Suppose 10*o - 19861 = 22489. Let l = o + u. Is l a prime number?
False
Suppose 20*i - 15*i + 3*a - 1602623 = 0, -3*i + 2*a + 961589 = 0. Is i a prime number?
False
Is 33/968*-11 + (-1)/(16/(-95702)) a prime number?
True
Let c(h) be the second derivative of -h**5/2 - 5*h**4/6 + h**3/3 + 47*h**2/2 - 201*h. Is c(-8) a prime number?
False
Let x(m) = 23*m**2 - 8*m + 1. Let r(p) = 0*p**2 - p**2 - 1 - 4 - 8*p + 2. Let q be r(-9). Is x(q) a composite number?
True
Is -867*539/(-33) + 16 a composite number?
False
Suppose 110*t = 104*t + 12. Is 2280/t - -1*2/2 composite?
True
Let n(o) = o**3 + o**2 - 2*o - 9. Let c be n(-6). Let y = c - -373. Suppose 2*p - y = -4*g, -3*p + 366 = -4*g + 92. Is p a prime number?
False
Let h = -46 + 50. Let w = h + -3. Is w/(3 - 11024/3676) a composite number?
False
Let g(k) = -132*k**3 + k**2 - 2*k - 3. Let h be g(-2). Suppose 3*j + 102*p + 352 = 104*p, 2*j - 5*p + 231 = 0. Let y = h + j. Is y composite?
True
Suppose 86305 = 19*s - 188682. Is s prime?
False
Suppose 10 + 0 = -2*l, 2*w + 5*l + 13 = 0. Suppose 7500 = -w*p + 49914. Is p prime?
True
Suppose 0 = -5*c - 3 - 27. Let d be (2/c)/(1/3489*-1). Let g = d + -736. Is g a composite number?
True
Suppose -3*s + q = -5, -1 - 3 = -q. Suppose -7*y = -2*y - 10, -4*y = s*c - 2. Is -22 + 143 + 4/(1*c) a prime number?
False
Suppose -165*s + 36529393 = 64*s. Is s composite?
True
Let b be (-430)/(-140) + 1/(-14). Suppose -b*v + 1378 = -v. Is v a prime number?
False
Suppose -2*c + 5*x = -169811, -x = -5*c + 4*x + 424550. Is c a prime number?
True
Let x(d) = 0*d + 336 + 6*d - 145. Is x(0) prime?
True
Let s = -73786 - -211857. Is s a composite number?
False
Let w = 949 + -340. Let o = w - -80. Is o a prime number?
False
Let g(i) = -3*i**2 - 2*i + 4. Let v be g(-4). Is (72/v)/((-2)/1459) composite?
False
Is (8813 - -29)/((-14)/(-77)) a prime number?
False
Let r(g) = 1078*g**2 - 5*g - 7. Let f be r(-4). Suppose z - s = -0*z + 3449, s = 5*z - f. Suppose 10*u - z = 7*u. Is u composite?
False
Suppose -225364 + 647682 = 2*l - 228824. Is l a composite number?
False
Let g(d) be the third derivative of 47/8*d**4 + 1/3*d**3 + 0 + 0*d - 37*d**2. Is g(1) composite?
True
Let c(g) be the first derivative of 23*g**3/3 - 13*g**2/2 + 111*g + 77. Is c(-16) prime?
False
Let u(w) = -3033*w + 6919. Is u(-80) prime?
False
Suppose -2*g = 3*g - 10, -3*o = 2*g - 5998. Suppose -2*f + o = -17608. Is f a composite number?
False
Let p(w) = 11736*w**2 - 236*w - 1142. Is p(-5) a prime number?
False
Suppose 3*v - 2*k - 1009 = 3118, -5*v + 2*k + 6885 = 0. Is v prime?
False
Let j(q) = 4828*q - 1242. Is j(53) prime?
False
Suppose -66660 = -7*c - 6145. Let y = c - 5536. Is y a composite number?
False
Suppose 25*b - 3524930 - 966845 = 0. Is b prime?
True
Suppose 0 = 4*r - v - 17, 7*r - 9*r - 3*v + 5 = 0. Suppose -r*f + 2030 + 1254 = 0. Is f a prime number?
True
Let a(x) = 29 - 20*x - 5 + 7 + 26*x. Let l be a(-5). Is 1*(14553/44 - l/(-4)) a prime number?
True
Let h(l) be the third derivative of 2*l**5/3 + l**4/8 - 5*l**3/2 + l**2. Let n(q) = -40*q**2 - 4*q + 16. Let j(d) = 5*h(d) + 4*n(d). Is j(-4) composite?
True
Let q(r) be the second derivative of 3*r**4/2 + 9*r**3/2 + 20*r**2 - 29*r. Is q(-21) a composite number?
False
Let u(s) = 36174*s**2 - 37*s + 2. Is u(-1) prime?
False
Suppose -4*q = 2*i - 99984, -20*q + 24*q = i + 99990. Is q a composite number?
True
Suppose 3*u - 5*s = 19, -1 + 14 = u - 3*s. Let w be 6/u*236*(-8)/16. Let j = -235 + w. Is j a composite number?
True
Suppose 60 = -5*p + 4*u + 20, 3*u + 5 = -5*p. Let m(n) = -40*n**3 - 3*n**2 + 6*n + 4. Let s be m(p). Let i = 3705 - s. Is i a composite number?
False
Let q be 3/(-2) - 5379/(-66). Let j = -91 + q. Let l(p) = -2*p**3 + 12*p**2 + 27*p + 16. Is l(j) prime?
True
Let f(s) be the second derivative of 19*s**5/20 + 13*s**4/12 - 41*s**3/6 + 23*s**2/2 + 25*s - 1. Is f(6) a prime number?
True
Suppose -17*o - 18 = -1. Is o + 1715 + 3 + 0 a prime number?
False
Let q(f) = 460*f - 3. Let a(b) = b**3 - 11*b**2 + 10*b + 1. Let t be a(10). Let p be q(t). Suppose 464 = 3*n - p. Is n a composite number?
False
Let c be (4 + 5)/1 - 1. Suppose o - 18 = -c*o. Suppose -4*g + 4620 = -2*a - o*a, 3*g - 3449 = -a. Is g a prime number?
True
Let d = 12192 + 809. Is d a composite number?
False
Let a(y) be the second derivative of y**4/12 - 10*y**3/3 - 13*y**2/2 + 5*y. Let d be a(21). Suppose 0 = 2*l - 5*r + d*r - 1976, -2 = r. Is l prime?
True
Let k = 92416 + -3935. Is k prime?
False
Let f be (-4 - 4/(-6))/(2/(-3)). Suppose -f*h + 5*l + 1550 = 0, 0*l + 5*l + 936 = 3*h. Is h prime?
True
Let i = 222081 - 108236. Is i composite?
True
Let m(w) = -w**3 + 3*w**2 + w - 1. Let r be m(3). Is -19 + 15 - (-2169 - r) prime?
False
Suppose 2*i = -3*i + 25, -3*i + 6 = -3*r. Let n(k) = -k**2 - k